*3/2 - 2*a**2. Is w(-2) a composite number?
False
Suppose -2*p = 3*p + 15, -3*p = -g - 66. Let u = -159 - g. Let c = 121 + u. Is c a prime number?
True
Let f be 2/(0 - -1) - -47. Let r(b) = -5*b + 5. Let w be r(8). Let c = f + w. Is c a composite number?
True
Let x be 16 + 2/2*-2. Let s(i) = -i + 5. Let z be s(5). Let w = x - z. Is w a composite number?
True
Suppose -4*g + 16 - 4 = 0. Suppose g*d - 177 = -36. Suppose 3*u - 5*y = d, -3*y = 2*u + y - 46. Is u prime?
True
Suppose 100 = 3*y + 2*y. Is 2*y - (4 - 1) a composite number?
False
Let k(f) = -f - 1. Let g be k(-1). Suppose g = d + d - 44. Is d a prime number?
False
Let c = 7 + -1. Is 2/3 + 74/c a prime number?
True
Suppose 4 = v + v. Is 954/12 + v/(-4) a prime number?
True
Suppose -4*g - 2 = -18. Is (2/g)/(3/126) a prime number?
False
Suppose 4*q + 0*i = -3*i + 2549, 3*q - 1903 = -4*i. Is q a prime number?
True
Suppose 6*k - 2*k = 5*f + 114, 3*f + 149 = 5*k. Is k prime?
True
Let z(s) = 62*s**2 + 4*s - 5. Is z(2) composite?
False
Let k(j) = 21*j - 4. Is k(7) a composite number?
True
Let r(v) = 3*v**3 + 1. Let h = 2 + -1. Let x be r(h). Suppose 0 = -x*j + 59 + 281. Is j composite?
True
Let b(i) = -i**2 - i - 13. Let p be b(-6). Let v be 2/(-4) - (-270)/(-4). Let s = p - v. Is s composite?
True
Let v(b) = 3*b**2 - b - 9. Is v(7) composite?
False
Let f = 55 + 72. Is f a prime number?
True
Suppose -4*p - 701 + 4257 = 0. Is p a prime number?
False
Suppose -h + 1 = 6*f - 5*f, 0 = 4*f + 2*h - 10. Suppose -3*n = -f*n + 83. Is n a prime number?
True
Suppose 0 = -4*y + 146 + 10. Let q = 76 - y. Is q composite?
False
Let m be -164 - (-4 + 0 - -5). Let d = -108 - m. Is d prime?
False
Let m(z) = z**2 + z + 9. Let l be m(0). Let f(p) = 9*p - 2. Is f(l) a prime number?
True
Suppose 5 = 3*h - 4*h. Let y = h + 96. Is y composite?
True
Is 79/5*(2 - -3) a composite number?
False
Let s(k) = -2*k**3 - 4*k**2 - 5*k - 2. Let c = -2 + -1. Let a = 0 + c. Is s(a) composite?
False
Suppose -x - x + 885 = 5*z, x - 711 = -4*z. Is z prime?
True
Let c = -5054 - -7299. Is c prime?
False
Suppose 4*w - 16 - 8 = 0. Suppose -p = 0, -5*i + w = -3*p - 9. Suppose -i*a + 117 = 6. Is a prime?
True
Suppose 23*q = 19*q + 932. Is q a prime number?
True
Is (5 + (-11)/2)*-2434 a composite number?
False
Let y = 7 - 4. Let n = 6 + -3. Suppose 2*a = 3*k - 16, 8*k - y*a = n*k + 26. Is k composite?
True
Suppose 0 = -a + 6*a + 5, -b = -5*a - 25. Suppose -m = -2*i + 12, m + b = 3*i - m. Let z = i - -10. Is z composite?
True
Suppose -g + 1 = -b, -3*b + 35 = 3*g + 2*b. Suppose 5*k = g*n, 0*k - 4*n = 2*k + 24. Let h = 0 - k. Is h prime?
False
Let l be 0 + (6 + 1)*-1. Let k(y) = -y + 1. Let m(p) = -p**2 - 6*p - 10. Let q(w) = 4*k(w) + m(w). Is q(l) composite?
True
Let t = 54 - 17. Is t a composite number?
False
Suppose 5*q - 22690 = 5*a, -3*q + 13590 = -0*q + 5*a. Is q a composite number?
True
Let l(b) = -3*b - 4. Let h be l(-3). Let t(d) = d**2 + d + 1. Let y be t(-2). Suppose -h*j + 12 = -y*j. Is j a composite number?
True
Suppose 3*b - 5*m + 31 = 0, 3*b + m - 3 = -4. Suppose 4*g - 27 = 7*g. Let c = b - g. Is c a composite number?
False
Suppose -10*d - 3115 = -15*d. Is d composite?
True
Let n = 6 + -11. Let i = n - -8. Is (1 - 6/i) + 60 composite?
False
Let f(v) = 17*v + 3. Is f(8) prime?
True
Suppose -b + 3*n = 15, 4*b - n = -3*n - 60. Is (b/(-2))/(1/2) a composite number?
True
Let x(n) = 17*n**2 - n - 9. Is x(4) prime?
False
Suppose 5*f + a - 16019 = -3*a, -5*f = 5*a - 16020. Is f a prime number?
True
Suppose 2 = c + y + 1, 0 = -c - 3*y - 3. Let d be 43/3 + (-1)/c. Is (d/(-4))/((-1)/10) composite?
True
Let p = 30 - -192. Let g be (p/4)/(2/4). Is g + 2 + -2 + 2 prime?
True
Suppose 7*r + 8 = 9*r. Let j(o) = 4*o - 2*o**3 + 2*o**2 + 4*o**2 + o**3 + r - 3. Is j(4) prime?
False
Suppose 633 = 5*x - 2*x. Is x a prime number?
True
Let l(i) = -i**2 + 2*i + 4. Let v be l(3). Let g be (-1 + 1)/(-3 + v). Is (-1 - g)/(2/(-14)) composite?
False
Let n(f) = -f**3 + 8*f**2 + 7*f + 9. Suppose 3*s + 10 = 2*a, -4*s - 10 = -3*s - 2*a. Suppose s*x + 16 = 2*x. Is n(x) composite?
True
Suppose -1102 = -4*w + 1494. Is w a composite number?
True
Suppose 2*x - 5*n = -2*n - 346, x + 175 = n. Let g = -126 - x. Is g composite?
False
Let t(r) = -r**3 - 8*r**2 - 8*r - 6. Let j be t(-5). Let n be 4 + -3 - j*1. Suppose 0 = -0*v - 3*v + n. Is v a composite number?
True
Let o = 946 - 567. Is o a composite number?
False
Let f(r) = -r**2 - 5*r + 2. Let v be f(-5). Suppose -u = v*j - 37, 5*j - 180 = -0*u - 5*u. Is u prime?
False
Suppose -t - 33 = -2*q + 165, -3*t - 587 = q. Let v = 407 + t. Is v a composite number?
False
Suppose 6*h - 2*h + 4*r - 7216 = 0, h + 4*r = 1813. Is h composite?
False
Suppose 2*i + y = -y + 124, 4 = -y. Suppose 3*a + 3*s - 6*s = i, 2*a - s = 41. Is a prime?
True
Suppose 5*t + 4*g = -g - 4900, 4*g = 2*t + 1966. Let w = -664 - t. Suppose -2*a - 981 = -3*b, -4*a = 2*b - 3*b + w. Is b a prime number?
False
Let p = 371 - 26. Suppose d - 154 = p. Is d prime?
True
Let l = 243 - 85. Let f = 6 + -4. Suppose 4*z = 0, -3*z = -f*m - z + l. Is m composite?
False
Let a be (7 + -9)/(2*-1). Let x be a/(-3) + (-4)/(-3). Let l(k) = 160*k**2 - k. Is l(x) a composite number?
True
Let j = -85 + 992. Is j a composite number?
False
Let q(c) = 4*c**2 + c. Let r(f) = f - 1. Let t(b) = q(b) - 5*r(b). Let y be 4 - (1 - (-1)/(-1)). Is t(y) a prime number?
True
Let o = 226 - 161. Is o a composite number?
True
Let o(s) = s**3 - 9*s**2 + 8*s + 2. Let d be o(8). Suppose -l - 46 = -v - 0*v, 2*v + d*l - 104 = 0. Is v a prime number?
False
Suppose 5*d - 51 = 24. Is d prime?
False
Suppose 2*n = -3*n - 20. Let r(h) = -4*h**2 + 3*h - 13. Let s(m) = -3*m**2 + 2*m - 9. Let j(w) = 5*r(w) - 7*s(w). Is j(n) a prime number?
False
Suppose 7*t - 8*t = 9. Is (354/t*-3)/2 prime?
True
Let j(l) = 42*l**2. Let g be j(1). Suppose 0*z - g = -3*z. Is z a prime number?
False
Let c(x) = 3*x**2 + 8*x + 7. Is c(-9) composite?
True
Let t(z) = 131*z**2 - z + 1. Let v(r) = -r**3 - 7*r**2 + r + 8. Let o be v(-7). Is t(o) composite?
False
Let p = 22 - 50. Let b = 87 + p. Suppose -86 - b = -g. Is g composite?
True
Suppose -4*f - f = 4*k - 1279, 5*f = 5*k + 1315. Is f a prime number?
False
Suppose 3*z = -3 + 105. Is z composite?
True
Let k(m) = m**3 - 10*m**2 - m - 9. Suppose -3*f + 50 = 2*f. Let g be k(f). Let v = g + 134. Is v composite?
True
Let a = 2265 + -44. Is a a prime number?
True
Let a(f) = 1 + 1 + 3*f**2 - f**2 + 3*f. Suppose 5*r = -2*n - 27, 2*r + n + 5 + 6 = 0. Is a(r) a composite number?
False
Let r = 9 - 6. Suppose -4*b + 439 = 3*q, q = -r*q - 3*b + 583. Is q a composite number?
True
Let o(i) be the second derivative of i**4/12 - 5*i**3/6 - i**2 + 4*i. Let l be o(6). Suppose -4*h = f + f - 166, 3*f + l*h - 245 = 0. Is f prime?
True
Suppose -3*h = -2*j + 620, -5*j + 972 = -4*h - 571. Let a = j - 180. Is a a composite number?
False
Let k = -14 + 15. Is (-2)/k*6/(-4) prime?
True
Is (-1)/(-3 + (-1952)/(-652)) composite?
False
Let d = 9 + -6. Suppose 4*p + 5*x = 1, 7*p - d*p = -x + 13. Suppose 0 = q + 3, -p*z - 2*q + 18 = -0*q. Is z composite?
True
Let t = -116 - -165. Is t composite?
True
Let v(k) = -k**3 + 11*k**2 + 15*k - 10. Is v(11) a prime number?
False
Suppose 0 = -4*s + 3*t + 1278 + 1163, -t - 610 = -s. Is s a prime number?
False
Let f(d) = d**3 + 11*d**2 + 5*d + 7. Let l be f(-6). Let r = l + -104. Is r prime?
True
Let p(t) = -174*t - 19. Is p(-4) composite?
False
Let s = 1264 - 573. Is s a prime number?
True
Let o = 2 + 2. Suppose o*k - 2*k - 6 = 0. Suppose -a = -c - 3*c - 41, k*a + 4*c = 43. Is a a composite number?
True
Suppose -v + 3 = -1. Suppose -v*y + 188 = -2*y. Let x = y - 55. Is x a prime number?
False
Let z be 2/(5/(27650/4)). Suppose -13*f + 8*f = -z. Is f a composite number?
True
Suppose 124 = 2*m - 386. Suppose -m = -4*n + n. Is n a prime number?
False
Let m(n) = -n**3 + 6*n**2 + n - 5. Let b(a) = a**2 + a - 1. Let c(q) = 2*b(q) + m(q). Let o(y) = 2*y**3 - 2*y**2 - 3*y + 3. Let x be o(2). Is c(x) composite?
False
Let r(w) = 3*w - 1. Let g be r(3). Let c(f) = -8*f + 45*f + 613 - 622. Is c(g) composite?
True
Let s(v) = 18*v + 33. Is s(8) a prime number?
False
Let f(r) be the second derivative of 49*r**4/2 - r**2/2 + 7*r. Is f(-1) a prime number?
True
Let k = 0 - 0. Let b = 277 - 175. S